 is 3 + 86a597?
86a59a
In base 2, what is 11000011011010110101 + -1?
11000011011010110100
In base 10, what is -148 - -145043?
144895
In base 2, what is 1000010101101100001101001 - 110?
1000010101101100001100011
In base 8, what is 350314 + 424?
350740
In base 5, what is -221444122301 - 2?
-221444122303
In base 8, what is -5 - -307751241?
307751234
In base 3, what is -12122102110112 - 10200?
-12122102121012
In base 8, what is 521 - -536711?
537432
In base 14, what is -5 + 203a6b?
203a66
In base 5, what is 3441 + -1041310?
-1032314
In base 8, what is -22140 + -1337?
-23477
In base 10, what is -11 + 733030?
733019
In base 12, what is 107 + -198a7?
-197a0
In base 14, what is ba65a02 - 7?
ba659d9
In base 6, what is -54434025 - -41?
-54433544
In base 4, what is -3002311 - 310?
-3003221
In base 12, what is -a6a484 - 14?
-a6a498
In base 3, what is 22222121221020 - 1?
22222121221012
In base 2, what is -10111101100010010111110111 - 100?
-10111101100010010111111011
In base 14, what is -424 - aa46?
-b06a
In base 4, what is -1322023222212 - -11?
-1322023222201
In base 15, what is 1 + -479e1d?
-479e1c
In base 10, what is -22 - 514106?
-514128
In base 3, what is 1100 + 1021012000?
1021020100
In base 14, what is -26508 - -b5d?
-25789
In base 15, what is 261e + -e1de?
-bac0
In base 16, what is -75 + -337792?
-337807
In base 3, what is -10220000012100101 - 1?
-10220000012100102
In base 11, what is -1a616a361 + -3?
-1a616a364
In base 14, what is 1 + -c765b56?
-c765b55
In base 5, what is 141031 + -1342030?
-1200444
In base 5, what is -33110312424 - -10?
-33110312414
In base 12, what is -5495b + 532?
-54429
In base 16, what is -31d7ac + 1a?
-31d792
In base 4, what is -2023322 - 22231002?
-30320330
In base 10, what is -19510 - -17476?
-2034
In base 2, what is -1010000100111000 + -1011111111?
-1010010000110111
In base 9, what is -5434 - 68410?
-74844
In base 13, what is 0 - 5c13486?
-5c13486
In base 13, what is a38b56 - 72?
a38ab4
In base 9, what is -7664653 - 11?
-7664664
In base 12, what is -687559 - -4?
-687555
In base 2, what is 1100 + -100000101010000001000110?
-100000101010000000111010
In base 2, what is -10010011111110001 - 110111110?
-10010100110101111
In base 15, what is 4 - -120bd8?
120bdc
In base 3, what is 110 - -1202002021111000?
1202002021111110
In base 2, what is 10001110111011010111010 + -1001?
10001110111011010110001
In base 4, what is -12 + -1012110010013?
-1012110010031
In base 7, what is 16415662 + -2?
16415660
In base 7, what is 4 + -36655116?
-36655112
In base 2, what is -1111101100 - 10001000010100?
-10011000000000
In base 10, what is -5 - 43934779?
-43934784
In base 10, what is 3975174 + -30?
3975144
In base 7, what is -131 + -1562542?
-1563003
In base 7, what is 400216 - 1253?
365633
In base 9, what is 2 + -33628342?
-33628340
In base 14, what is -3 - -560a81?
560a7c
In base 7, what is -11 - 552606?
-552620
In base 4, what is 132101133 - 20111?
132021022
In base 6, what is -53145 - 353350?
-450535
In base 5, what is -104122 + 234204?
130032
In base 2, what is -11110001010 - 11110100101?
-111100101111
In base 14, what is -5 + c0c620?
c0c619
In base 12, what is -52873a3 - 1a?
-5287401
In base 2, what is 1100101110000101 + 10011011101?
1101000001100010
In base 2, what is -100110101 + -10100010010001001111?
-10100010010110000100
In base 3, what is -222211 + 10010220?
2011002
In base 10, what is 8 - 281910?
-281902
In base 6, what is 5024100310 + 5?
5024100315
In base 3, what is 0 + 2010202000122001?
2010202000122001
In base 14, what is 39 - -10961c?
109657
In base 16, what is -701949 + 3?
-701946
In base 3, what is 110 - -2100202020010?
2100202020120
In base 2, what is -101000011111001011 - 1101?
-101000011111011000
In base 10, what is 58 + 38616?
38674
In base 12, what is -7457 + 2b922?
24487
In base 7, what is -5 - -530455321?
530455313
In base 15, what is 4d9 - -5351?
583a
In base 9, what is -5 + -6177240?
-6177245
In base 14, what is -20da - 56b?
-2667
In base 16, what is -5 + 87e70f5?
87e70f0
In base 8, what is -63133263 - 0?
-63133263
In base 6, what is -2 + -510241244?
-510241250
In base 12, what is 1a + 1172ba?
117318
In base 7, what is -66 - 2425422?
-2425521
In base 11, what is -5929 - 13671?
-1949a
In base 8, what is 143100111 + 10?
143100121
In base 8, what is 0 - -57716705?
57716705
In base 11, what is 1008580 + 49?
1008619
In base 8, what is -151747 - 10455?
-162424
In base 9, what is 23251061 - 31?
23251030
In base 2, what is -11010 + 11011111110100010?
11011111110001000
In base 12, what is -126a851 + -18?
-126a869
In base 3, what is 1002011212 + -2022000?
222212212
In base 8, what is 4 + -465271723?
-465271717
In base 4, what is 330311 + 21313?
1012230
In base 15, what is 10 - -e548b3?
e548c3
In base 16, what is -27b0b + -471?
-27f7c
In base 14, what is -58db1 + -287?
-59258
In base 4, what is 3 + -22203032320?
-22203032311
In base 15, what is 8ca - 19bd5?
-1930a
In base 13, what is -67055a + -26?
-670583
In base 7, what is -5 + -1312501143?
-1312501151
In base 11, what is 248a + 2771?
5150
In base 12, what is -5 - 380069?
-380072
In base 8, what is -6 + 574463015?
574463007
In base 6, what is -14310 + 411112?
352402
In base 4, what is -11033023 + 3031022?
-2002001
In base 13, what is 72926 - -84?
729aa
In base 2, what is -10010110 + 110110111000100010?
110110110110001100
In base 6, what is 23424 - 20042?
3342
In base 8, what is -120546 + 2205?
-116341
In base 16, what is -1b - -ecaa17?
eca9fc
In base 16, what is -ab94de + 2?
-ab94dc
In base 3, what is -220001100121 + 1010?
-220001022111
In base 10, what is 393479769 - 2?
393479767
In base 8, what is -100 + 15620027?
15617727
In base 13, what is -5 + -5764b2?
-5764b7
In base 7, what is -4 + -162335042?
-162335046
In base 5, what is -23214341333 - 4?
-23214341342
In base 9, what is -155082 + -1?
-155083
In base 4, what is 3320221 + 10323?
3331210
In base 7, what is -1 + -155501325?
-155501326
In base 13, what is bb0 + -cb3?
-103
In base 2, what is 1110001101010100000101 - -1111010?
1110001101010101111111
In base 14, what is -9a9c8 - -3b?
-9a98b
In base 7, what is -4106222 - 462?
-4110014
In base 15, what is 4 + 1649911?
1649915
In base 5, what is 44201331 + -1110?
44200221
In base 14, what is -88b871 - 9?
-88b87a
In base 5, what is 100342002 + -312?
100341140
In base 16, what is 2 + 2636b8?
2636ba
In base 7, what is 1265113 - -12023?
1310136
In base 9, what is -2 + -11220453?
-11220455
In base 16, what is 10 - 2168a?
-2167a
In base 15, what is 3966 + -188?
37cd
In base 4, what is 12312302312 - 1112?
12312301200
In base 14, what is -51 + -1a901?
-1a952
In base 7, what is 15204421622 - -2?
15204421624
In base 6, what is 115002 - -203100?
322102
In base 12, what is -319703 - b?
-319712
In base 16, what is -5 + f7b01e?
f7b019
In base 5, what is 31034010 + -40?
31033420
In base 8, what is -7655446 + 74?
-7655352
In base 11, what is 3211280 + 14a?
321141a
In base 9, what is -53 - 42127028?
-42127082
In base 2, what is -111111001001110001101 - 1?
-111111001001110001110
In base 8, what is 35 - 2562655?
-2562620
In base 9, what is 874 + -15315?
-14331
In base 6, what is -142 + -311312055?
-311312241
In base 3, what is 111000112001101010 + 2?
111000112001101012
In base 12, what is -190834 - 3b?
-190873
In base 9, what is 104 - -330542?
330646
In base 10, what is 481145 - 5?
481140
In base 15, what is 481a96 - -2?
481a98
In base 6, what is 2203455 - 1411?
2202044
In base 16, what is 4 + -55e1b9?
-55e1b5
In base 10, what is -5568703 - 12?
-5568715
In base 4, what is -33 + 13310330013?
13310323320
In base 7, what is -53200436116 - -4?
-53200436112
In base 4, what is 11 + -200220311213?
-200220311202
In base 6, what is 12 - -20103253?
20103305
In base 14, what is 8 - -197591?
197599
In base 14, what is -a72 - -3103?
2471
In base 3, what is -11 + 120111201221?
120111201210
In base 6, what is 1351222114 + -5?
1351222105
In base 3, what is 2121022110210122 - 211?
2121022110202211
In base 7, what is -622103 + 226?
-621544
In base 13, what is 14654ca6 + -1?
14654ca5
In base 16, what is 259b - -654?
2bef
In base 15, what is 411a5 + -7b?
41129
In base 6, what is 32010 + -310?
31300
In base 3, what is 2110102220200010 - -2?
2110102220200012
In base 3, what is -1010001201220 - -101?
-1010001201112
I